{"id":5,"date":"2012-05-25T13:32:23","date_gmt":"2012-05-25T13:32:23","guid":{"rendered":"http:\/\/dieblauetruhe.de\/?page_id=5"},"modified":"2013-10-15T19:48:25","modified_gmt":"2013-10-15T19:48:25","slug":"bildeinrahmung","status":"publish","type":"page","link":"https:\/\/dieblauetruhe.de\/?page_id=5","title":{"rendered":"Bildereinrahmung"},"content":{"rendered":"<p>Was kann man alles einrahmen? Gem\u00e4lde und Zeichnungen nat\u00fcrlich, Fotos, Urkunden, historische Wertpapiere und Banknoten, aber auch Ungew\u00f6hnliches wie das Fan-Trikot Ihres Lieblingsvereins, alte Schallplatten und vieles mehr. Der Fantasie sind keine, der technischem Umsetzung kaum Grenzen gesetzt.<\/p>\n<p>Dabei reicht die Bandbreite der M\u00f6glichkeiten von preisg\u00fcnstigen <a title=\"Wechselrahmen\" href=\"https:\/\/dieblauetruhe.de\/?page_id=118\">Wechselrahmen<\/a> in Standardgr\u00f6\u00dfen \u00fcber die individuelle, perfekt auf Ihr Bild oder Objekt zugeschnittene Ma\u00dfanfertigung bis hin zu exklusiven <a title=\"Vergolderrahmen\" href=\"https:\/\/dieblauetruhe.de\/?page_id=100\">Vergolderrahmen<\/a>, die in einem aufw\u00e4ndigen, mehrw\u00f6chigen Entstehungsprozess in Handarbeit gefertigt werden.<\/p>\n<p>Spechen Sie mich an, ob sie nun eine kosteng\u00fcnstige L\u00f6sung suchen oder ein wertvolles Unikat edel in Szene setzen m\u00f6chten.<\/p>\n<p>&nbsp;<\/p>\n","protected":false},"excerpt":{"rendered":"<p>Was kann man alles einrahmen? Gem\u00e4lde und Zeichnungen nat\u00fcrlich, Fotos, Urkunden, historische Wertpapiere und Banknoten, aber auch Ungew\u00f6hnliches wie das Fan-Trikot Ihres Lieblingsvereins, alte Schallplatten und vieles mehr. Der Fantasie sind keine, der technischem Umsetzung kaum Grenzen gesetzt. Dabei reicht &hellip; <a href=\"https:\/\/dieblauetruhe.de\/?page_id=5\">Weiterlesen <span class=\"meta-nav\">&rarr;<\/span><\/a><\/p>\n","protected":false},"author":1,"featured_media":33,"parent":0,"menu_order":0,"comment_status":"closed","ping_status":"closed","template":"","meta":[],"_links":{"self":[{"href":"https:\/\/dieblauetruhe.de\/index.php?rest_route=\/wp\/v2\/pages\/5"}],"collection":[{"href":"https:\/\/dieblauetruhe.de\/index.php?rest_route=\/wp\/v2\/pages"}],"about":[{"href":"https:\/\/dieblauetruhe.de\/index.php?rest_route=\/wp\/v2\/types\/page"}],"author":[{"embeddable":true,"href":"https:\/\/dieblauetruhe.de\/index.php?rest_route=\/wp\/v2\/users\/1"}],"replies":[{"embeddable":true,"href":"https:\/\/dieblauetruhe.de\/index.php?rest_route=%2Fwp%2Fv2%2Fcomments&post=5"}],"version-history":[{"count":18,"href":"https:\/\/dieblauetruhe.de\/index.php?rest_route=\/wp\/v2\/pages\/5\/revisions"}],"predecessor-version":[{"id":152,"href":"https:\/\/dieblauetruhe.de\/index.php?rest_route=\/wp\/v2\/pages\/5\/revisions\/152"}],"wp:featuredmedia":[{"embeddable":true,"href":"https:\/\/dieblauetruhe.de\/index.php?rest_route=\/wp\/v2\/media\/33"}],"wp:attachment":[{"href":"https:\/\/dieblauetruhe.de\/index.php?rest_route=%2Fwp%2Fv2%2Fmedia&parent=5"}],"curies":[{"name":"wp","href":"https:\/\/api.w.org\/{rel}","templated":true}]}}