{"id":90,"date":"2013-10-10T20:11:57","date_gmt":"2013-10-10T20:11:57","guid":{"rendered":"http:\/\/dieblauetruhe.de\/?page_id=90"},"modified":"2016-10-03T13:56:17","modified_gmt":"2016-10-03T13:56:17","slug":"historisches","status":"publish","type":"page","link":"https:\/\/dieblauetruhe.de\/?page_id=90","title":{"rendered":"Historisches"},"content":{"rendered":"<p>1971 er\u00f6ffneten meine Eltern Anton und Margret Christ &#8222;Die Blaue Truhe&#8220; als Gesch\u00e4ft f\u00fcr originelle, kunsthandwerkliche Artikel aus aller Welt. Beide waren bildende K\u00fcnstler, sodass es f\u00fcr sie nahe lag, auch eigene Gem\u00e4lde in den Gesch\u00e4ftsr\u00e4umen auszustellen. Im Zusammenhang damit entwickelte sich eine zunehmende Nachfrage auch nach Bildereinrahmungen. Als ich das Gesch\u00e4ft dann sp\u00e4ter \u00fcbernahm, habe ich es konsequent als Fachgesch\u00e4ft f\u00fcr Bilder und vor allem Rahmen weiterentwickelt.<\/p>\n<p>Die Fachzeitschrift\u00a0<a href=\"http:\/\/www.kunsthandel-verlag.de\" target=\"_blank\">&#8222;Der Kunsthandel&#8220;<\/a>\u00a0hat meinem Gesch\u00e4ft ein sehr sch\u00f6nes Portr\u00e4t gewidmet, in dem auch die Historie liebevoll beleuchtet wird.\u00a0<a href=\"https:\/\/dieblauetruhe.de\/wp-content\/uploads\/2012\/05\/BlaueTruhe.pdf\" target=\"_blank\">Dieser Link f\u00fchrt zu der PDF-Datei mit dem Artikel<\/a>. Vielen Dank daf\u00fcr an den Verlag!<\/p>\n<div id=\"attachment_108\" style=\"width: 203px\" class=\"wp-caption alignnone\"><a href=\"https:\/\/dieblauetruhe.de\/wp-content\/uploads\/2013\/10\/1972_01_0031.jpg\" rel=\"lightbox[90]\"><img aria-describedby=\"caption-attachment-108\" loading=\"lazy\" class=\"size-medium wp-image-108 \" src=\"https:\/\/dieblauetruhe.de\/wp-content\/uploads\/2013\/10\/1972_01_0031-193x300.jpg\" alt=\"Er\u00f6ffnung 1971\" width=\"193\" height=\"300\" srcset=\"https:\/\/dieblauetruhe.de\/wp-content\/uploads\/2013\/10\/1972_01_0031-193x300.jpg 193w, https:\/\/dieblauetruhe.de\/wp-content\/uploads\/2013\/10\/1972_01_0031.jpg 500w\" sizes=\"(max-width: 193px) 100vw, 193px\" \/><\/a><p id=\"caption-attachment-108\" class=\"wp-caption-text\">Er\u00f6ffnung 1971<\/p><\/div>\n<div id=\"attachment_107\" style=\"width: 310px\" class=\"wp-caption alignnone\"><a href=\"https:\/\/dieblauetruhe.de\/wp-content\/uploads\/2013\/10\/1972_01_001.jpg\" rel=\"lightbox[90]\"><img aria-describedby=\"caption-attachment-107\" loading=\"lazy\" class=\"size-medium wp-image-107 \" src=\"https:\/\/dieblauetruhe.de\/wp-content\/uploads\/2013\/10\/1972_01_001-300x189.jpg\" alt=\"Er\u00f6ffnung 1971\" width=\"300\" height=\"189\" srcset=\"https:\/\/dieblauetruhe.de\/wp-content\/uploads\/2013\/10\/1972_01_001-300x189.jpg 300w, https:\/\/dieblauetruhe.de\/wp-content\/uploads\/2013\/10\/1972_01_001.jpg 791w\" sizes=\"(max-width: 300px) 100vw, 300px\" \/><\/a><p id=\"caption-attachment-107\" class=\"wp-caption-text\">Er\u00f6ffnung 1971<\/p><\/div>\n<div id=\"attachment_113\" style=\"width: 310px\" class=\"wp-caption alignnone\"><a href=\"https:\/\/dieblauetruhe.de\/wp-content\/uploads\/2013\/10\/1976_07_017.jpg\" rel=\"lightbox[90]\"><img aria-describedby=\"caption-attachment-113\" loading=\"lazy\" class=\"size-medium wp-image-107\" src=\"https:\/\/dieblauetruhe.de\/wp-content\/uploads\/2013\/10\/1976_07_017-300x180.jpg\" alt=\"Der erste Bauabschnitt\" width=\"300\" height=\"189\" \/><\/a><p id=\"caption-attachment-113\" class=\"wp-caption-text\">Der erste Bauabschnitt<\/p><\/div>\n<div id=\"attachment_110\" style=\"width: 310px\" class=\"wp-caption alignnone\"><a href=\"https:\/\/dieblauetruhe.de\/wp-content\/uploads\/2013\/10\/1977_06_025.jpg\" rel=\"lightbox[90]\"><img aria-describedby=\"caption-attachment-110\" loading=\"lazy\" class=\"size-medium wp-image-110\" src=\"https:\/\/dieblauetruhe.de\/wp-content\/uploads\/2013\/10\/1977_06_025-300x192.jpg\" alt=\"1977 nach dem Anbau\" width=\"300\" height=\"192\" srcset=\"https:\/\/dieblauetruhe.de\/wp-content\/uploads\/2013\/10\/1977_06_025-300x192.jpg 300w, https:\/\/dieblauetruhe.de\/wp-content\/uploads\/2013\/10\/1977_06_025.jpg 779w\" sizes=\"(max-width: 300px) 100vw, 300px\" \/><\/a><p id=\"caption-attachment-110\" class=\"wp-caption-text\">1977 nach dem Anbau<\/p><\/div>\n<div id=\"attachment_111\" style=\"width: 310px\" class=\"wp-caption alignnone\"><a href=\"https:\/\/dieblauetruhe.de\/wp-content\/uploads\/2013\/10\/1994_09_002.jpg\" rel=\"lightbox[90]\"><img aria-describedby=\"caption-attachment-111\" loading=\"lazy\" class=\"size-medium wp-image-111\" src=\"https:\/\/dieblauetruhe.de\/wp-content\/uploads\/2013\/10\/1994_09_002-300x195.jpg\" alt=\"1994\" width=\"300\" height=\"195\" srcset=\"https:\/\/dieblauetruhe.de\/wp-content\/uploads\/2013\/10\/1994_09_002-300x195.jpg 300w, https:\/\/dieblauetruhe.de\/wp-content\/uploads\/2013\/10\/1994_09_002.jpg 769w\" sizes=\"(max-width: 300px) 100vw, 300px\" \/><\/a><p id=\"caption-attachment-111\" class=\"wp-caption-text\">1994<\/p><\/div>\n<div id=\"attachment_420\" style=\"width: 310px\" class=\"wp-caption alignleft\"><a href=\"https:\/\/dieblauetruhe.de\/wp-content\/uploads\/2013\/10\/1995_09_001.jpg\" rel=\"lightbox[90]\"><img aria-describedby=\"caption-attachment-420\" loading=\"lazy\" class=\" wp-image-420 \" src=\"https:\/\/dieblauetruhe.de\/wp-content\/uploads\/2013\/10\/1995_09_001.jpg\" alt=\"\" width=\"300\" height=\"206\" srcset=\"https:\/\/dieblauetruhe.de\/wp-content\/uploads\/2013\/10\/1995_09_001.jpg 729w, https:\/\/dieblauetruhe.de\/wp-content\/uploads\/2013\/10\/1995_09_001-300x205.jpg 300w\" sizes=\"(max-width: 300px) 100vw, 300px\" \/><\/a><p id=\"caption-attachment-420\" class=\"wp-caption-text\">1995 &#8211; &#8222;Kandinsky-Wochen&#8220;<\/p><\/div>\n","protected":false},"excerpt":{"rendered":"<p>1971 er\u00f6ffneten meine Eltern Anton und Margret Christ &#8222;Die Blaue Truhe&#8220; als Gesch\u00e4ft f\u00fcr originelle, kunsthandwerkliche Artikel aus aller Welt. Beide waren bildende K\u00fcnstler, sodass es f\u00fcr sie nahe lag, auch eigene Gem\u00e4lde in den Gesch\u00e4ftsr\u00e4umen auszustellen. Im Zusammenhang damit &hellip; <a href=\"https:\/\/dieblauetruhe.de\/?page_id=90\">Weiterlesen <span class=\"meta-nav\">&rarr;<\/span><\/a><\/p>\n","protected":false},"author":2,"featured_media":209,"parent":0,"menu_order":0,"comment_status":"closed","ping_status":"closed","template":"","meta":[],"_links":{"self":[{"href":"https:\/\/dieblauetruhe.de\/index.php?rest_route=\/wp\/v2\/pages\/90"}],"collection":[{"href":"https:\/\/dieblauetruhe.de\/index.php?rest_route=\/wp\/v2\/pages"}],"about":[{"href":"https:\/\/dieblauetruhe.de\/index.php?rest_route=\/wp\/v2\/types\/page"}],"author":[{"embeddable":true,"href":"https:\/\/dieblauetruhe.de\/index.php?rest_route=\/wp\/v2\/users\/2"}],"replies":[{"embeddable":true,"href":"https:\/\/dieblauetruhe.de\/index.php?rest_route=%2Fwp%2Fv2%2Fcomments&post=90"}],"version-history":[{"count":38,"href":"https:\/\/dieblauetruhe.de\/index.php?rest_route=\/wp\/v2\/pages\/90\/revisions"}],"predecessor-version":[{"id":421,"href":"https:\/\/dieblauetruhe.de\/index.php?rest_route=\/wp\/v2\/pages\/90\/revisions\/421"}],"wp:featuredmedia":[{"embeddable":true,"href":"https:\/\/dieblauetruhe.de\/index.php?rest_route=\/wp\/v2\/media\/209"}],"wp:attachment":[{"href":"https:\/\/dieblauetruhe.de\/index.php?rest_route=%2Fwp%2Fv2%2Fmedia&parent=90"}],"curies":[{"name":"wp","href":"https:\/\/api.w.org\/{rel}","templated":true}]}}